b - 23*b + 14, 5*b = -10. What is x(w)?
49
Let z be 44/10 - (-9 + (-188)/(-20)). Suppose 29*y - z*y = -225. Let l(p) = -p**2 - 11*p - 21. Calculate l(y).
-3
Let x(i) = -i**3 + 5*i**2 - 3*i + 1. Let h = 67 + -65. Suppose -1 + h = p, b + 1 = 2*p. Suppose 4*v - 9 = -b. Calculate x(v).
7
Let l(p) = p**3 - 10*p**2 + 4*p - 11. Let w be l(10). Let y = -18 - w. Let d = y + 48. Let n(h) = 2*h**2 - 1. Calculate n(d).
1
Let a(h) = h**2 - 18*h + 12. Suppose 84 = -9*l - 3*l. Let y(z) = -2*z**2 - 14*z + 17. Let j be y(l). Give a(j).
-5
Let x(k) be the second derivative of k**5/20 + k**4 + 23*k**3/6 + 17*k**2/2 - 13*k + 2. Give x(-10).
-13
Let y(c) = -209265*c + 4 + 104625*c + 104665*c - 13. Give y(-2).
-59
Let z(w) = -3*w**2 - 15*w + 6. Let p(c) be the first derivative of -5 - 3*c + 7/2*c**2 + 1/3*c**3. Let x(g) = -5*p(g) - 2*z(g). What is x(6)?
9
Let d(s) = s**2 - 8*s - 11. Let a(u) = u**3 - 17*u**2 + u - 8. Let y be -1*4*(-2)/(-8)*-17. Let m be a(y). Calculate d(m).
-2
Let w(y) = 6*y - 1. Let i(o) = 4*o**2 - 9*o + 13. Let c be i(3). Suppose 28*r + c = 6*r. Give w(r).
-7
Let t(n) be the second derivative of -n**5/20 - 5*n**4/12 - n**3/6 + n**2 - 733*n. Let f(q) = q**3 + 12*q**2 - 14*q - 18. Let c be f(-13). What is t(c)?
7
Suppose 2*u - 3*j + 180 = 5*u, -4*j = -5*u + 327. Let n(q) = u - 30 - q**2 + 0*q - 3*q - 34. Calculate n(-5).
-11
Let l(s) = -1. Let j(h) = -1. Let u(x) = 6*j(x) - 5*l(x). Let i be 7 + -8 + 30/(-6). Let f(b) = b**2 - 3*b + 9. Let m(n) = i*u(n) - f(n). Give m(2).
-1
Let k(l) be the first derivative of -2*l**3/3 - 19*l**2/2 + 3*l - 1027. What is k(-8)?
27
Let z(b) = -b**2 + 6*b. Suppose 0*n + 3*n - 15 = 0. Let x be z(n). Let r(s) = 2*s + 2. Let h(d) = 22*d + 18. Let k(v) = -h(v) + 10*r(v). What is k(x)?
-8
Let v(t) = -3*t**3 - t**2 + 1. Let y(x) = -x**3 - 3*x**2 - x + 3. Let a(h) = -2*v(h) + y(h). Determine a(-1).
-4
Let i(k) = k**2 + 9*k - 3. Suppose 5*l + 4*w - 3*w = 24, 28 = 4*l + 3*w. Suppose 3*a - 2 = a, l*q = 2*a + 162. Let b = -51 + q. Calculate i(b).
7
Let v be (20/(-15))/((-4)/6). Let b(u) = 0 + 195*u**2 + 1 - 193*u**2 + 2*u - 4*u. Let q be b(v). Let d(l) = -l**3 + 5*l**2 + 2*l - 3. What is d(q)?
7
Suppose -3*n - 21 = -n + 5*m, -4*m - 15 = n. Let d(k) be the first derivative of -k**4/4 - 4*k**3/3 - 2*k**2 - k + 9193. Calculate d(n).
2
Suppose 0 = 6*l - 4*l - 16. Let g = l - 5. Let v(m) = m**2 - 3*m + 0*m**3 - 2*m**g + 0*m**3 + 2*m. Determine v(1).
-2
Let a(w) = w**3 - 10*w**2 + w - 14. Suppose -4731 = 12*l + 2001. Let j = l + 571. Give a(j).
-4
Suppose -2*k = 5*k. Let a(b) = -2*b + 48. Let p be a(k). Suppose -3*n + 33 - p = 0. Let g(j) = -3*j + 6. Calculate g(n).
21
Let r = 16417 + -16422. Let p(g) = -g**3 - 5*g**2 + 7. Calculate p(r).
7
Let a = -9701 + 38805/4. Let v(h) be the first derivative of -3*h**2 + 4*h + 2*h**3 - a*h**4 + 1. Give v(4).
12
Let n(b) = -3 + b + 3 - 3. Let g = -43 + 48. Suppose 3 = -g*m - 4*l, -2 = 4*m + 2*l + 4. What is n(m)?
-6
Let f be (1 + -4)/(0 + -2)*2. Let k(j) = 2*j - 4*j**2 + 6*j**2 + f*j**2 - j**3 - 3*j**2 - 2 + 0*j**2. Determine k(3).
-5
Let t(g) = -g**3 - 17*g**2 + 4*g + 70. Let q be t(-17). Let c(w) = -5992 + 5999 + q*w + 0*w. Give c(-6).
-5
Suppose 17*i - 9*i - 192 = 0. Suppose i*a = 21*a. Let w(u) = -1 + 570*u + a - u**2 - 577*u - 3. What is w(-5)?
6
Suppose 22*u - 14 = 15*u. Let g(r) = -9 - 8 - 11*r**2 - u*r**3 + 2 + r**3 - 2*r. Calculate g(-11).
7
Let a be (4 - 3)/(2/(-14)). Let s(k) be the first derivative of -k**2/2 - 9*k + 503. What is s(a)?
-2
Suppose -4 = 4*k - 4*y - 0, -3*y + 18 = 2*k. Let l(o) be the first derivative of 2 + 1/4*o**4 - 2/3*o**3 + 0*o**2 + o. What is l(k)?
10
Let x(t) be the first derivative of 36 + 6*t + 1/2*t**2. What is x(5)?
11
Suppose -660 = -164*r + 32*r. Let k be 4 + (-1 - (-9)/3). Let b(g) = -2*g - 5*g + k - g + g**2 + 2*g. What is b(r)?
1
Let k(q) = -q**2 - 8*q + 179. Let w be k(-18). Let m(z) be the second derivative of 0*z**2 + 0 + 14*z + 0*z**3 + 1/6*z**4. What is m(w)?
2
Suppose 0*b = 3*b + 15. Let m be 6/(-10) + -1 + (-48)/20. Let k(p) = 6*p**2 + 4*p + 6. Let l(t) = -5*t**2 - 4*t - 6. Let i(g) = m*k(g) - 5*l(g). Determine i(b).
11
Let a(v) be the second derivative of -5*v**3/3 + 41*v**2 + 4*v - 1165. What is a(7)?
12
Let q(n) = 22*n + 12*n + 18*n + 14*n - 77*n + 175. Determine q(15).
10
Let s = 24 + -15. Suppose -12*v + 31*v - 38 = 0. Let g(z) = -26*z + 8*z + 9*z + 1 + 18*z - z**v. Calculate g(s).
1
Let r(b) be the second derivative of b**4/12 + 9*b**3/2 + 147*b**2/2 + 20*b - 9. Determine r(-20).
7
Let a be (-6)/(-10) - (-918)/270. Let h(i) = 2*i**2 - i - 1. Let q(f) = -7*f**2 + 6*f + 8. Let g(k) = a*h(k) + q(k). What is g(4)?
28
Let v(s) be the first derivative of -9*s**4/4 - 7*s**3/3 - 9*s**2/2 + 1008. Calculate v(-3).
207
Let z(w) = 2*w**2 - 2*w - 2. Let c(v) = 27*v**2 - 46*v - 99. Let q(o) = c(o) - 14*z(o). Calculate q(-12).
1
Let h(u) = 7*u - 1. Suppose 10*v = -9*v + 95. Suppose v*x = 69 - 54. Determine h(x).
20
Suppose 7*i + 0*i - 14 = 0. Let k(m) = 4*m + i*m**3 + 1 - 31*m**2 + 8*m**2 + 10*m**2 + 2*m. Determine k(6).
1
Let b(z) = -19*z**2 + 7*z + 18. Let s(g) = -23*g**2 + 7*g + 21. Let y(o) = 5*b(o) - 4*s(o). What is y(-3)?
-42
Let u(f) be the first derivative of 1/2*f**3 + f**2 - 4*f - 2. Let m(n) be the first derivative of u(n). What is m(-2)?
-4
Let z(u) = -2*u**3 + 101*u**2 - 50*u + 5. Let s be z(50). Let p(b) = -9*b + 4. What is p(s)?
-41
Suppose -2*q - 3*m = 3, 63*m - 67*m + 56 = -4*q. Let p(o) = o**3 + 7*o**2 - 10*o + 15. What is p(q)?
-57
Let a(u) = u + 24. Let r be a(-7). Suppose f - 6 = 7. Let w = f - r. Let k(l) = -3*l - 6. Give k(w).
6
Let c(a) = -a + 16. Let q = 4606 + -4606. Calculate c(q).
16
Let f(x) = 0*x**2 + 4*x**2 - 7*x - 2 - 3*x**2 + 3*x. Suppose 0 = 5*d + 4*h - 27, 5*d - 3*d + h - 9 = 0. Determine f(d).
-5
Let q(l) be the second derivative of -l**4/6 + l**3/2 - l**2 - 194*l. Suppose -4*n - v + 13 = -0*v, -4*n + 9 = -3*v. Calculate q(n).
-11
Let j(i) = -37*i**2 + 7*i**2 + i - 2 + 6*i**2 + 7*i**2 + 18*i**2. Give j(4).
18
Let s(b) = -b**2 - 18*b. Let m(z) = -33*z**2 - 593*z + 2. Let t be m(-18). Determine s(t).
32
Let x(b) be the second derivative of -b**3/6 - b**2/2 + 620*b. Let u = 72 - 74. What is x(u)?
1
Let k(f) be the third derivative of -f**6/120 - f**5/12 - f**4/24 + 3*f**3/2 - 1138*f**2. Suppose 3*a + 0*a + 2*s = -12, 4 = -a - 4*s. Give k(a).
-3
Let p(c) = 2*c**2 + 1475*c + 10*c**2 - 1644*c + 5*c**2 - 6. What is p(10)?
4
Let u(m) be the second derivative of -1/120*m**6 + 17/12*m**4 + 0 + 1/60*m**5 + 0*m**3 - 19*m + 0*m**2. Let x(c) be the third derivative of u(c). What is x(-2)?
14
Let a(r) = 2*r + 29. Let b = 6385 - 6392. Calculate a(b).
15
Let c(a) be the third derivative of -a**6/60 - 7*a**5/30 + 7*a**4/12 - 2*a**3 - 2066*a**2 + 1. Give c(-8).
4
Let b(z) = z**3 + 18*z**2 - z - 12. Suppose -5*i - 46 = 2*l, -3*i + 4*i - 70 = 4*l. Calculate b(l).
6
Let x(p) = -p**3 + 7*p**2 - 11*p - 5. Let i = 7965 - 7958. What is x(i)?
-82
Let p(u) = -u**3 + 7*u**2 - 2*u + 3. Suppose 141*f = 349 + 638. Calculate p(f).
-11
Let v be (-22)/77 - 37/(-28)*4. Let b(y) be the third derivative of 0 + 0*y - 1/3*y**4 - 1/120*y**6 + 36*y**2 - 2/15*y**v + 0*y**3. Determine b(-7).
7
Let r(a) = 15*a**3 - 2*a**2 + 2*a - 1. Let y be (0 - (2 + -2))/(-2). Let s(u) = -7*u - 21*u + 37*u - 8*u + 1. Let k be s(y). Determine r(k).
14
Let u(y) = y**2 + 13*y - 5. Let a = 1587 + -1600. Calculate u(a).
-5
Let u(h) = -2410*h + 1 + 2415*h + 0. What is u(-4)?
-19
Let v(x) = -112 - 34*x + 22*x + 187. What is v(6)?
3
Let x(t) = 3*t - 1 + 0 + 8*t. Suppose 2*f + h = 48, 54*h = 3*f + 59*h - 72. Suppose 23*k - f = 22. Give x(k).
21
Let b(t) = -t**2 + t + 7. Suppose 332 - 372 = -5*d. Let k be d/68 + (-174)/34. Determine b(k).
-23
Suppose -3*m - 13 = -2*j + 1, 0 = -4*m - j - 15. Let b(s) = s**3 - 4*s**2 + 5*s + 6. Let d(z) = 10 - 24 - z**3 + 13. Let v(i) = -b(i) - 2*d(i). Calculate v(m).
16
Let j(d) = -d**2 + 4*d - 4. Suppose 5*b + 5*z = -15, -2*b - 3*z = -0*z + 3. Let o be 84/(-8) - b - (-1)/(-2). Calculate j(o).
-49
Let x(q) = -20*q - 35. Let r be x(-10). Let p(s) = s**2 + 10*s + r - 167 - 9*s. Give p(-2).
0
Let a be (-10*(-4)/80)/1. Let b(l) be the second derivative of 0 + 5/6*l**3 - a*l**2 + l. Give b(-1).
-6
Let j(n) = -74*n**2 - 6 + 9*n**2 + n**2 + 16*n - 2*n**3 - 7